 of i?
3
Let j(y) = 2*y**2 + 66*y - 12. Let s be j(-33). What is the tens digit of 380 - -5 - s/3?
8
Let z(j) = -j**3 - 15*j**2 - 4*j - 38. Let u be z(-15). Suppose -u*b + 177 = -219. What is the tens digit of b?
1
Let u(k) = k**2 + 63*k + 441. Let n be u(-55). Let z be 4 - 1 - (2 + -2). Suppose o - z*q + n = 0, o + 3 = 3*o - q. What is the units digit of o?
2
Suppose j - 30900 + 2697 = -2*k, 3*k = -j + 42305. What is the hundreds digit of k?
1
What is the thousands digit of (-636)/742 + (1326210/35)/2?
8
Let z(v) = -43*v - 140. Let u = -216 + 207. What is the hundreds digit of z(u)?
2
Let a = -9890 - -12614. What is the units digit of a?
4
Let p be ((-12)/4)/(-2 + (-51)/(-27)). Let h be 3*-1 - (-216 + p). Let a = -86 + h. What is the units digit of a?
0
Let c be (-3 - -30)*(16/(-12))/(-4). Let j(s) = -s**3 + 14*s**2 - 26*s - 19. What is the hundreds digit of j(c)?
1
Suppose 4*v - 2449 = -13529. Let u be v/(-6) - 1/(-3). Suppose -u = 4*w - 10*w. What is the tens digit of w?
7
Let g(o) = 122*o**2 + 9*o - 806. What is the units digit of g(18)?
4
Suppose k + 900 = -8*k. Let y be (18/15)/((-4)/k). Suppose -3*r - y = -231. What is the units digit of r?
7
Let h = -7143 - -23206. What is the thousands digit of h?
6
Let m(a) = -a**3 - 9*a**2 - 3*a - 12. Let o be m(-9). Suppose 4*i - o = 17. Suppose 0 = 6*z - i*z + 40. What is the tens digit of z?
2
Let p(k) = 2*k**2 + 859 + 0*k**2 + 8*k - 854. Let j be p(-4). Suppose -j*g + 4*g = r - 221, 5*r - 217 = -g. What is the hundreds digit of g?
2
Suppose 0 = -4*u - 1 + 9. Suppose 0 = 5*t - 5*z + 5, t + 5 = u*z + z. What is the units digit of 231/4 + 2/8*t?
8
Let r(t) = -14*t - 10. Suppose 27 = 4*u + 7. Suppose 44 + u = -7*w. What is the tens digit of r(w)?
8
Let y(i) = -2*i - 1. Let h(t) = -40*t - 43. Let a(c) = h(c) - y(c). What is the units digit of a(-11)?
6
Suppose -102 = -2*y + 464. Let x = 189 + y. What is the units digit of x?
2
Let f be (-143)/(-77) - 3/(-21). Suppose -2*g = 5*d - 1 + 2, -f*g - 10 = -4*d. What is the tens digit of (((-180)/(-16))/9)/(d/40)?
5
Let f = -22049 - -86617. What is the tens digit of f?
6
Suppose 9*c = 7*c - 5*r + 20473, 2*c - 2*r = 20438. What is the tens digit of ((-12)/9)/(-4*6/c)?
6
Suppose 3*w + 14 - 23 = 0. Suppose -4*m + 928 = -4*r, 8*r - w*r = -5*m + 1150. What is the tens digit of m?
3
What is the tens digit of (-2408)/21*(-19866)/44?
7
Suppose 1910 + 5769 + 2469 = 172*r. Suppose -4 - 67 = -a - 2*b, -3*a - 4*b + 213 = 0. Suppose 3*f - 2*d = r, 3*f + d - a = -3*d. What is the units digit of f?
1
Let m be (-6)/(-12)*(0/(-2) + 20). Suppose 4437 = m*f - 1163. What is the tens digit of f?
6
What is the hundreds digit of (-1263)/842 + 1 + (-259569)/(-6)?
2
Let t(g) = 8*g - 11. Let z be t(2). Suppose z*v - 2223 = 3*y, v - 2221 = -4*v + y. What is the units digit of v?
4
Suppose -6*o + 2*o - 3*a = 621, -a - 313 = 2*o. Let t = o - -100. Let k = t + 120. What is the units digit of k?
1
Let t be (6/3)/(-2 + 1). Let n be 20/90 + (-6)/108*4. What is the tens digit of t/(-7) - (1762/(-7) - n)?
5
Let p(x) = 32*x - 113. Let l be p(4). What is the units digit of (17 - 12)*(-1791)/l*-2?
4
What is the units digit of ((-8136)/30)/(8 + (-324)/40)?
2
Suppose 8*o - 4897 = 2679. Let h = 1704 - o. What is the tens digit of h?
5
Let c be 352/(-24)*9/(-6). Suppose c*o = 16*o. Suppose o = 19*r - 25*r + 456. What is the units digit of r?
6
Let z(n) = -10*n - n**2 - 20 + n**3 - 13*n**2 - 2. Let w be (-2 - 12/(-5)) + 73/5. What is the tens digit of z(w)?
5
Let r(l) = l**2 - 6*l + 11. Let q be r(0). Suppose 24*s - 19635 = -q*s. What is the hundreds digit of s?
5
Suppose -2*j + 3*r = -31271, -4*r + 25 = r. What is the tens digit of j?
4
Let x(n) = -n**2 + 7*n - 2. Let s be x(6). Suppose -u - 7*l + 217 = -s*l, -846 = -4*u - l. What is the tens digit of u?
1
Suppose 14*j + 338595 = 29*j. What is the ten thousands digit of j?
2
Let b = -12659 + 19152. What is the units digit of b?
3
Let x(q) = q**2 - 24*q + 21. Suppose v - 780 = -11*v. Suppose -63*k = -v*k + 58. What is the units digit of x(k)?
6
Suppose 0 = 23*j - 10202 - 29197. What is the units digit of j?
3
Let x = -2277 - -8473. What is the tens digit of x?
9
Suppose -54*y + 59*y - 20 = 0. Let p be y + 5*5/25. Suppose 3*i - 4*m - 521 = 0, -i + 3*m - p*m + 157 = 0. What is the units digit of i?
7
Let n(c) = c**3 - 15*c**2 - 9*c - 13. Let j be n(16). What is the units digit of (-11)/j - 2152/(-9)?
9
Suppose -4*n = v + 10 - 23, -18 = n - 4*v. Suppose 0 = 5*k - 5*w - 5, k - 4*w - n = -2*w. What is the units digit of k/((-2)/1) + 89?
9
Suppose -2 = -25*f + 24*f. Suppose 3*k - 297 + 282 = 0. Suppose y = 4*y - 3*h - 264, 0 = k*y - f*h - 446. What is the tens digit of y?
9
What is the tens digit of 206/3*(6 - (-1320)/20)?
4
Let o(z) = z**2 + 26*z + 52. Let m = -129 - -105. Let c be o(m). What is the units digit of (-49 - 2 - c)*(-2)/2?
5
Let y(q) = -904*q + 996. What is the units digit of y(-4)?
2
Let v be (-98)/28*(1 + 133). What is the tens digit of (v/14)/((-1)/(-2) + -1)?
6
Suppose 358 = 12*g - 362. Suppose -g = 7*d - 2*d. What is the tens digit of (18/d)/((-3)/68)?
3
What is the hundreds digit of (-131251688)/2271*(-3)/8?
6
Let z(s) = 2*s**3 - 11*s**2 + 6*s - 6. Let v be z(5). Let c be (v + 1/((-16)/(-188)))*-4. Let k = c + 78. What is the units digit of k?
5
Let u be (-7)/5 + 7070522/230. Suppose 17*b + 5019 - u = 0. What is the thousands digit of b?
1
Let o be (820/(-8))/5*2. Let k = o - -199. What is the tens digit of k?
5
What is the hundreds digit of (3 - 0)*2 + (-82)/(1640/(-717020))?
8
Let g(w) = 41*w - 6. Let v be g(5). Suppose 0 = 4*j - 15 + 7. What is the units digit of v + (3 + -4 - j)?
6
Suppose 0 = -4*d - 4*d + 3*d. Suppose d = -r - 2, r - 146 = 3*t - 427. What is the tens digit of t?
9
Let q = -396 - 22. Let j = q + 887. What is the hundreds digit of j?
4
Let m be (-20)/(-14) - 12/(-21). Let i be 6137/(-38)*(0 + m). Let r = -225 - i. What is the tens digit of r?
9
Suppose 13*s = 11*s. What is the tens digit of 21 + (s - 4)/2?
1
Let v be (5/(-10)*-146)/((-1)/(-13)). Suppose 151 + v = 10*k. What is the hundreds digit of k?
1
Suppose -12*m + 80*m - 54740 = 0. What is the units digit of m?
5
Let x be ((-27)/(-6))/((-3)/(-8)). Let f be (6402/x)/((-1)/14). What is the hundreds digit of f/(-35) + 12/20?
2
Suppose -4*f + 21 = 9. Suppose -f*r + 10 = -2. Suppose -2*s + 179 = r*w + 3*s, 2*s = 3*w - 140. What is the units digit of w?
6
Suppose -4*y = 37 - 1. Let c be 3*(-3)/y*0. Suppose c = -9*h + 4*h + 240. What is the tens digit of h?
4
Let u(w) = -w**3 + 2*w**2 - 6*w - 8. Suppose -2*c = -3*c - s - 3, -2*c = -5*s + 6. Let d be u(c). What is the hundreds digit of 9702/d - 1*3/(-5)?
1
Suppose 109*o = 14*o + 811444 + 670271. What is the units digit of o?
7
Let a be 150/(-20) - 1/2. What is the units digit of (380/25*-1)/(a/60)?
4
Suppose 14 = 2*x, -496 = -5*p + 52*x - 55*x. What is the units digit of p?
5
Let y = 95 - 56. Let g = -1026 - -1084. Let d = y + g. What is the tens digit of d?
9
Let y(v) = -v**3 + 8*v**2 + 19*v - 12. Let b be y(7). Let t = 115 - b. What is the units digit of -4*69/5*t/44?
9
Let l be 39/(-65) - (-2 - 8/5). Suppose -3*o + 1585 = -f, -l*o + 8*f - 4*f = -1597. What is the tens digit of o?
2
Let t(u) = -299*u - 2288. What is the hundreds digit of t(-49)?
3
What is the tens digit of (1 - -7677)*2/(128/96)?
1
Suppose -3133 = -3*q + 5*f + 3272, 4*q = 3*f + 8540. Suppose -22*p = -17*p - q. What is the hundreds digit of p?
4
Let u be 0 + 3 + (-2)/((-12)/(-18)). Suppose 2*z = -5*h + 1114, h + 5 - 7 = u. What is the hundreds digit of z?
5
Suppose -34*g = -36*g - 1434. What is the hundreds digit of -4*(g/12 - 7)?
2
Let y = 1635 + -1085. Suppose 5*u - 2762 = -5*x + 7*u, u + y = x. What is the hundreds digit of x?
5
Suppose 2*r = -5*r + 4459. Suppose -10*b = -183 - r. What is the tens digit of b?
8
Suppose -1782151 = -109*f + 2014646. What is the thousands digit of f?
4
What is the thousands digit of 1 + 49068/20 + (-32)/(-20)?
2
Suppose 0 = 6*g - 10*g + 4. Let j(t) be the first derivative of 51*t**4/2 + t**3/3 - t + 5. What is the units digit of j(g)?
2
Let w be 8 + (-2)/(-3)*(18 + -15). Let o be w/4*52/65. Suppose 0 = 2*l - 4*m - 260, o*m - 169 = -l - 27. What is the tens digit of l?
3
What is the ten thousands digit of 2 + 22293